{"id":17,"date":"2020-12-14T12:35:25","date_gmt":"2020-12-14T11:35:25","guid":{"rendered":"https:\/\/www.nachbarsprachen-sachsen.eu\/lana\/plsn-de\/?page_id=17"},"modified":"2022-11-10T11:38:53","modified_gmt":"2022-11-10T10:38:53","slug":"kontakt","status":"publish","type":"page","link":"https:\/\/www.nachbarsprachen-sachsen.eu\/lana\/plsn-de\/kontakt\/","title":{"rendered":"Kontakt"},"content":{"rendered":"<p style=\"text-align: left\">Das Projekt &#8222;Gro\u00df und Klein gemeinsam &#8211; Duzi i Mali razem&#8220; ist eine gemeinsame Initiative des <a href=\"https:\/\/dodn.dolnyslask.pl\/kontakt\/jelenia-gora\/\" target=\"_blank\" rel=\"noopener noreferrer\">Niederschlesischen Lehrerfortbildungsinstituts<\/a> (DODN) und des <a href=\"https:\/\/www.kreis-goerlitz.de\/\" target=\"_blank\" rel=\"noopener noreferrer\">Landkreises G\u00f6rlitz<\/a>. Es wird fachlich begleitet durch die <a href=\"https:\/\/www.nachbarsprachen-sachsen.eu\/\" target=\"_blank\" rel=\"noopener noreferrer\">Landesstelle Nachbarsprachen<\/a>. Die Ansprechpartnerin f\u00fcr die deutschen Einrichtungen und Interessierte ist unsere Mitarbeiterin Anna Caban. Die Auskunft ist in deutscher und polnischer Sprache m\u00f6glich.<\/p>\n<hr \/>\n<p style=\"text-align: left\"><strong>Sie erreichen uns unter folgenden Kontaktdaten:<br \/>\n<\/strong>Landkreis G\u00f6rlitz \/ Landratsamt<br \/>\nS\u00e4chsische Landesstelle f\u00fcr fr\u00fche nachbarsprachige Bildung<br \/>\nBahnhofstr. 24<br \/>\n02826 G\u00f6rlitz<br \/>\nTel.: +49 (0)3581 663 9433<br \/>\nE-Mail: <a href=\"mailto:anna.caban@kreis-gr.de\">anna.caban(at)kreis-gr.de<\/a><\/p>\n","protected":false},"excerpt":{"rendered":"<p>Das Projekt &#8222;Gro\u00df und Klein gemeinsam &#8211; Duzi i Mali razem&#8220; ist eine gemeinsame Initiative des Niederschlesischen Lehrerfortbildungsinstituts (DODN) und<\/p>\n<div class=\"border bottom-border text-center\">\n\t <a class=\"readmore\" href=\"https:\/\/www.nachbarsprachen-sachsen.eu\/lana\/plsn-de\/kontakt\/\">Read More<\/a>\n\t  <\/div>\n","protected":false},"author":14,"featured_media":395,"parent":0,"menu_order":4,"comment_status":"closed","ping_status":"closed","template":"","meta":{"footnotes":""},"class_list":["post-17","page","type-page","status-publish","has-post-thumbnail","hentry"],"yoast_head":"<!-- This site is optimized with the Yoast SEO plugin v26.9 - https:\/\/yoast.com\/product\/yoast-seo-wordpress\/ -->\n<title>Kontakt - Gro\u00df und Klein gemeinsam<\/title>\n<meta name=\"robots\" content=\"noindex, follow, max-snippet:-1, max-image-preview:large, max-video-preview:-1\" \/>\n<meta property=\"og:locale\" content=\"de_DE\" \/>\n<meta property=\"og:type\" content=\"article\" \/>\n<meta property=\"og:title\" content=\"Kontakt - Gro\u00df und Klein gemeinsam\" \/>\n<meta property=\"og:description\" content=\"Das Projekt &#8222;Gro\u00df und Klein gemeinsam &#8211; Duzi i Mali razem&#8220; ist eine gemeinsame Initiative des Niederschlesischen Lehrerfortbildungsinstituts (DODN) und  Read More\" \/>\n<meta property=\"og:url\" content=\"https:\/\/www.nachbarsprachen-sachsen.eu\/lana\/plsn-de\/kontakt\/\" \/>\n<meta property=\"og:site_name\" content=\"Gro\u00df und Klein gemeinsam\" \/>\n<meta property=\"article:modified_time\" content=\"2022-11-10T10:38:53+00:00\" \/>\n<meta property=\"og:image\" content=\"https:\/\/www.nachbarsprachen-sachsen.eu\/lana\/plsn-de\/wp-content\/uploads\/sites\/3\/2021\/02\/letters-2794672_1920.jpg\" \/>\n\t<meta property=\"og:image:width\" content=\"1920\" \/>\n\t<meta property=\"og:image:height\" content=\"480\" \/>\n\t<meta property=\"og:image:type\" content=\"image\/jpeg\" \/>\n<meta name=\"twitter:card\" content=\"summary_large_image\" \/>\n<meta name=\"twitter:label1\" content=\"Gesch\u00e4tzte Lesezeit\" \/>\n\t<meta name=\"twitter:data1\" content=\"1\u00a0Minute\" \/>\n<script type=\"application\/ld+json\" class=\"yoast-schema-graph\">{\"@context\":\"https:\/\/schema.org\",\"@graph\":[{\"@type\":\"WebPage\",\"@id\":\"https:\/\/www.nachbarsprachen-sachsen.eu\/lana\/plsn-de\/kontakt\/\",\"url\":\"https:\/\/www.nachbarsprachen-sachsen.eu\/lana\/plsn-de\/kontakt\/\",\"name\":\"Kontakt - Gro\u00df und Klein gemeinsam\",\"isPartOf\":{\"@id\":\"https:\/\/www.nachbarsprachen-sachsen.eu\/lana\/plsn-de\/#website\"},\"primaryImageOfPage\":{\"@id\":\"https:\/\/www.nachbarsprachen-sachsen.eu\/lana\/plsn-de\/kontakt\/#primaryimage\"},\"image\":{\"@id\":\"https:\/\/www.nachbarsprachen-sachsen.eu\/lana\/plsn-de\/kontakt\/#primaryimage\"},\"thumbnailUrl\":\"https:\/\/www.nachbarsprachen-sachsen.eu\/lana\/plsn-de\/wp-content\/uploads\/sites\/3\/2021\/02\/letters-2794672_1920.jpg\",\"datePublished\":\"2020-12-14T11:35:25+00:00\",\"dateModified\":\"2022-11-10T10:38:53+00:00\",\"breadcrumb\":{\"@id\":\"https:\/\/www.nachbarsprachen-sachsen.eu\/lana\/plsn-de\/kontakt\/#breadcrumb\"},\"inLanguage\":\"de\",\"potentialAction\":[{\"@type\":\"ReadAction\",\"target\":[\"https:\/\/www.nachbarsprachen-sachsen.eu\/lana\/plsn-de\/kontakt\/\"]}]},{\"@type\":\"ImageObject\",\"inLanguage\":\"de\",\"@id\":\"https:\/\/www.nachbarsprachen-sachsen.eu\/lana\/plsn-de\/kontakt\/#primaryimage\",\"url\":\"https:\/\/www.nachbarsprachen-sachsen.eu\/lana\/plsn-de\/wp-content\/uploads\/sites\/3\/2021\/02\/letters-2794672_1920.jpg\",\"contentUrl\":\"https:\/\/www.nachbarsprachen-sachsen.eu\/lana\/plsn-de\/wp-content\/uploads\/sites\/3\/2021\/02\/letters-2794672_1920.jpg\",\"width\":1920,\"height\":480},{\"@type\":\"BreadcrumbList\",\"@id\":\"https:\/\/www.nachbarsprachen-sachsen.eu\/lana\/plsn-de\/kontakt\/#breadcrumb\",\"itemListElement\":[{\"@type\":\"ListItem\",\"position\":1,\"name\":\"Startseite\",\"item\":\"https:\/\/www.nachbarsprachen-sachsen.eu\/lana\/plsn-de\/\"},{\"@type\":\"ListItem\",\"position\":2,\"name\":\"Kontakt\"}]},{\"@type\":\"WebSite\",\"@id\":\"https:\/\/www.nachbarsprachen-sachsen.eu\/lana\/plsn-de\/#website\",\"url\":\"https:\/\/www.nachbarsprachen-sachsen.eu\/lana\/plsn-de\/\",\"name\":\"Gro\u00df und Klein gemeinsam\",\"description\":\"\",\"potentialAction\":[{\"@type\":\"SearchAction\",\"target\":{\"@type\":\"EntryPoint\",\"urlTemplate\":\"https:\/\/www.nachbarsprachen-sachsen.eu\/lana\/plsn-de\/?s={search_term_string}\"},\"query-input\":{\"@type\":\"PropertyValueSpecification\",\"valueRequired\":true,\"valueName\":\"search_term_string\"}}],\"inLanguage\":\"de\"}]}<\/script>\n<!-- \/ Yoast SEO plugin. -->","yoast_head_json":{"title":"Kontakt - Gro\u00df und Klein gemeinsam","robots":{"index":"noindex","follow":"follow","max-snippet":"max-snippet:-1","max-image-preview":"max-image-preview:large","max-video-preview":"max-video-preview:-1"},"og_locale":"de_DE","og_type":"article","og_title":"Kontakt - Gro\u00df und Klein gemeinsam","og_description":"Das Projekt &#8222;Gro\u00df und Klein gemeinsam &#8211; Duzi i Mali razem&#8220; ist eine gemeinsame Initiative des Niederschlesischen Lehrerfortbildungsinstituts (DODN) und  Read More","og_url":"https:\/\/www.nachbarsprachen-sachsen.eu\/lana\/plsn-de\/kontakt\/","og_site_name":"Gro\u00df und Klein gemeinsam","article_modified_time":"2022-11-10T10:38:53+00:00","og_image":[{"width":1920,"height":480,"url":"https:\/\/www.nachbarsprachen-sachsen.eu\/lana\/plsn-de\/wp-content\/uploads\/sites\/3\/2021\/02\/letters-2794672_1920.jpg","type":"image\/jpeg"}],"twitter_card":"summary_large_image","twitter_misc":{"Gesch\u00e4tzte Lesezeit":"1\u00a0Minute"},"schema":{"@context":"https:\/\/schema.org","@graph":[{"@type":"WebPage","@id":"https:\/\/www.nachbarsprachen-sachsen.eu\/lana\/plsn-de\/kontakt\/","url":"https:\/\/www.nachbarsprachen-sachsen.eu\/lana\/plsn-de\/kontakt\/","name":"Kontakt - Gro\u00df und Klein gemeinsam","isPartOf":{"@id":"https:\/\/www.nachbarsprachen-sachsen.eu\/lana\/plsn-de\/#website"},"primaryImageOfPage":{"@id":"https:\/\/www.nachbarsprachen-sachsen.eu\/lana\/plsn-de\/kontakt\/#primaryimage"},"image":{"@id":"https:\/\/www.nachbarsprachen-sachsen.eu\/lana\/plsn-de\/kontakt\/#primaryimage"},"thumbnailUrl":"https:\/\/www.nachbarsprachen-sachsen.eu\/lana\/plsn-de\/wp-content\/uploads\/sites\/3\/2021\/02\/letters-2794672_1920.jpg","datePublished":"2020-12-14T11:35:25+00:00","dateModified":"2022-11-10T10:38:53+00:00","breadcrumb":{"@id":"https:\/\/www.nachbarsprachen-sachsen.eu\/lana\/plsn-de\/kontakt\/#breadcrumb"},"inLanguage":"de","potentialAction":[{"@type":"ReadAction","target":["https:\/\/www.nachbarsprachen-sachsen.eu\/lana\/plsn-de\/kontakt\/"]}]},{"@type":"ImageObject","inLanguage":"de","@id":"https:\/\/www.nachbarsprachen-sachsen.eu\/lana\/plsn-de\/kontakt\/#primaryimage","url":"https:\/\/www.nachbarsprachen-sachsen.eu\/lana\/plsn-de\/wp-content\/uploads\/sites\/3\/2021\/02\/letters-2794672_1920.jpg","contentUrl":"https:\/\/www.nachbarsprachen-sachsen.eu\/lana\/plsn-de\/wp-content\/uploads\/sites\/3\/2021\/02\/letters-2794672_1920.jpg","width":1920,"height":480},{"@type":"BreadcrumbList","@id":"https:\/\/www.nachbarsprachen-sachsen.eu\/lana\/plsn-de\/kontakt\/#breadcrumb","itemListElement":[{"@type":"ListItem","position":1,"name":"Startseite","item":"https:\/\/www.nachbarsprachen-sachsen.eu\/lana\/plsn-de\/"},{"@type":"ListItem","position":2,"name":"Kontakt"}]},{"@type":"WebSite","@id":"https:\/\/www.nachbarsprachen-sachsen.eu\/lana\/plsn-de\/#website","url":"https:\/\/www.nachbarsprachen-sachsen.eu\/lana\/plsn-de\/","name":"Gro\u00df und Klein gemeinsam","description":"","potentialAction":[{"@type":"SearchAction","target":{"@type":"EntryPoint","urlTemplate":"https:\/\/www.nachbarsprachen-sachsen.eu\/lana\/plsn-de\/?s={search_term_string}"},"query-input":{"@type":"PropertyValueSpecification","valueRequired":true,"valueName":"search_term_string"}}],"inLanguage":"de"}]}},"_links":{"self":[{"href":"https:\/\/www.nachbarsprachen-sachsen.eu\/lana\/plsn-de\/wp-json\/wp\/v2\/pages\/17","targetHints":{"allow":["GET"]}}],"collection":[{"href":"https:\/\/www.nachbarsprachen-sachsen.eu\/lana\/plsn-de\/wp-json\/wp\/v2\/pages"}],"about":[{"href":"https:\/\/www.nachbarsprachen-sachsen.eu\/lana\/plsn-de\/wp-json\/wp\/v2\/types\/page"}],"author":[{"embeddable":true,"href":"https:\/\/www.nachbarsprachen-sachsen.eu\/lana\/plsn-de\/wp-json\/wp\/v2\/users\/14"}],"replies":[{"embeddable":true,"href":"https:\/\/www.nachbarsprachen-sachsen.eu\/lana\/plsn-de\/wp-json\/wp\/v2\/comments?post=17"}],"version-history":[{"count":16,"href":"https:\/\/www.nachbarsprachen-sachsen.eu\/lana\/plsn-de\/wp-json\/wp\/v2\/pages\/17\/revisions"}],"predecessor-version":[{"id":803,"href":"https:\/\/www.nachbarsprachen-sachsen.eu\/lana\/plsn-de\/wp-json\/wp\/v2\/pages\/17\/revisions\/803"}],"wp:featuredmedia":[{"embeddable":true,"href":"https:\/\/www.nachbarsprachen-sachsen.eu\/lana\/plsn-de\/wp-json\/wp\/v2\/media\/395"}],"wp:attachment":[{"href":"https:\/\/www.nachbarsprachen-sachsen.eu\/lana\/plsn-de\/wp-json\/wp\/v2\/media?parent=17"}],"curies":[{"name":"wp","href":"https:\/\/api.w.org\/{rel}","templated":true}]}}

<p style="text-align: left">Das Projekt &#8222;Groß und Klein gemeinsam &#8211; Duzi i Mali razem&#8220; ist eine gemeinsame Initiative des <a href="https://dodn.dolnyslask.pl/kontakt/jelenia-gora/" target="_blank" rel="noopener noreferrer">Niederschlesischen Lehrerfortbildungsinstituts</a> (DODN) und des <a href="https://www.kreis-goerlitz.de/" target="_blank" rel="noopener noreferrer">Landkreises Görlitz</a>. Es wird fachlich begleitet durch die <a href="https://www.nachbarsprachen-sachsen.eu/" target="_blank" rel="noopener noreferrer">Landesstelle Nachbarsprachen</a>. Die Ansprechpartnerin für die deutschen Einrichtungen und Interessierte ist unsere Mitarbeiterin Anna Caban. Die Auskunft ist in deutscher und polnischer Sprache möglich.</p>
<hr />
<p style="text-align: left"><strong>Sie erreichen uns unter folgenden Kontaktdaten:<br />
</strong>Landkreis Görlitz / Landratsamt<br />
Sächsische Landesstelle für frühe nachbarsprachige Bildung<br />
Bahnhofstr. 24<br />
02826 Görlitz<br />
Tel.: +49 (0)3581 663 9433<br />
E-Mail: <a href="mailto:anna.caban@kreis-gr.de">anna.caban(at)kreis-gr.de</a></p>

<p>Das Projekt &#8222;Groß und Klein gemeinsam &#8211; Duzi i Mali razem&#8220; ist eine gemeinsame Initiative des Niederschlesischen Lehrerfortbildungsinstituts (DODN) und</p>
<div class="border bottom-border text-center">
	 <a class="readmore" href="https://www.nachbarsprachen-sachsen.eu/lana/plsn-de/kontakt/">Read More</a>
	  </div>

<!-- This site is optimized with the Yoast SEO plugin v26.9 - https://yoast.com/product/yoast-seo-wordpress/ -->
<title>Kontakt - Groß und Klein gemeinsam</title>
<meta name="robots" content="noindex, follow, max-snippet:-1, max-image-preview:large, max-video-preview:-1" />
<meta property="og:locale" content="de_DE" />
<meta property="og:type" content="article" />
<meta property="og:title" content="Kontakt - Groß und Klein gemeinsam" />
<meta property="og:description" content="Das Projekt &#8222;Groß und Klein gemeinsam &#8211; Duzi i Mali razem&#8220; ist eine gemeinsame Initiative des Niederschlesischen Lehrerfortbildungsinstituts (DODN) und  Read More" />
<meta property="og:url" content="https://www.nachbarsprachen-sachsen.eu/lana/plsn-de/kontakt/" />
<meta property="og:site_name" content="Groß und Klein gemeinsam" />
<meta property="article:modified_time" content="2022-11-10T10:38:53+00:00" />
<meta property="og:image" content="https://www.nachbarsprachen-sachsen.eu/lana/plsn-de/wp-content/uploads/sites/3/2021/02/letters-2794672_1920.jpg" />
	<meta property="og:image:width" content="1920" />
	<meta property="og:image:height" content="480" />
	<meta property="og:image:type" content="image/jpeg" />
<meta name="twitter:card" content="summary_large_image" />
<meta name="twitter:label1" content="Geschätzte Lesezeit" />
	<meta name="twitter:data1" content="1 Minute" />
<script type="application/ld+json" class="yoast-schema-graph">{"@context":"https://schema.org","@graph":[{"@type":"WebPage","@id":"https://www.nachbarsprachen-sachsen.eu/lana/plsn-de/kontakt/","url":"https://www.nachbarsprachen-sachsen.eu/lana/plsn-de/kontakt/","name":"Kontakt - Groß und Klein gemeinsam","isPartOf":{"@id":"https://www.nachbarsprachen-sachsen.eu/lana/plsn-de/#website"},"primaryImageOfPage":{"@id":"https://www.nachbarsprachen-sachsen.eu/lana/plsn-de/kontakt/#primaryimage"},"image":{"@id":"https://www.nachbarsprachen-sachsen.eu/lana/plsn-de/kontakt/#primaryimage"},"thumbnailUrl":"https://www.nachbarsprachen-sachsen.eu/lana/plsn-de/wp-content/uploads/sites/3/2021/02/letters-2794672_1920.jpg","datePublished":"2020-12-14T11:35:25+00:00","dateModified":"2022-11-10T10:38:53+00:00","breadcrumb":{"@id":"https://www.nachbarsprachen-sachsen.eu/lana/plsn-de/kontakt/#breadcrumb"},"inLanguage":"de","potentialAction":[{"@type":"ReadAction","target":["https://www.nachbarsprachen-sachsen.eu/lana/plsn-de/kontakt/"]}]},{"@type":"ImageObject","inLanguage":"de","@id":"https://www.nachbarsprachen-sachsen.eu/lana/plsn-de/kontakt/#primaryimage","url":"https://www.nachbarsprachen-sachsen.eu/lana/plsn-de/wp-content/uploads/sites/3/2021/02/letters-2794672_1920.jpg","contentUrl":"https://www.nachbarsprachen-sachsen.eu/lana/plsn-de/wp-content/uploads/sites/3/2021/02/letters-2794672_1920.jpg","width":1920,"height":480},{"@type":"BreadcrumbList","@id":"https://www.nachbarsprachen-sachsen.eu/lana/plsn-de/kontakt/#breadcrumb","itemListElement":[{"@type":"ListItem","position":1,"name":"Startseite","item":"https://www.nachbarsprachen-sachsen.eu/lana/plsn-de/"},{"@type":"ListItem","position":2,"name":"Kontakt"}]},{"@type":"WebSite","@id":"https://www.nachbarsprachen-sachsen.eu/lana/plsn-de/#website","url":"https://www.nachbarsprachen-sachsen.eu/lana/plsn-de/","name":"Groß und Klein gemeinsam","description":"","potentialAction":[{"@type":"SearchAction","target":{"@type":"EntryPoint","urlTemplate":"https://www.nachbarsprachen-sachsen.eu/lana/plsn-de/?s={search_term_string}"},"query-input":{"@type":"PropertyValueSpecification","valueRequired":true,"valueName":"search_term_string"}}],"inLanguage":"de"}]}</script>
<!-- / Yoast SEO plugin. -->

Kontakt - Groß und Klein gemeinsam

Das Projekt &#8222;Groß und Klein gemeinsam &#8211; Duzi i Mali razem&#8220; ist eine gemeinsame Initiative des Niederschlesischen Lehrerfortbildungsinstituts (DODN) und  Read More

Groß und Klein gemeinsam
